) to base 14.
-cc
Convert -155 (base 10) to base 14.
-b1
-2 (base 13) to base 10
-2
-1 (base 9) to base 6
-1
Convert -11200 (base 3) to base 11.
-105
60 (base 15) to base 3
10100
Convert -1 (base 6) to base 4.
-1
What is 10 (base 2) in base 9?
2
156 (base 11) to base 4
2312
What is -3 (base 7) in base 3?
-10
100000 (base 2) to base 11
2a
Convert 9 (base 12) to base 13.
9
Convert 9 (base 12) to base 9.
10
Convert 75 (base 8) to base 12.
51
Convert -313 (base 8) to base 7.
-410
What is -53 (base 6) in base 3?
-1020
6 (base 10) to base 13
6
-1 (base 13) to base 9
-1
What is 1 (base 3) in base 2?
1
-5 (base 6) to base 7
-5
-37 (base 14) to base 6
-121
Convert 6 (base 9) to base 5.
11
Convert 10110 (base 3) to base 16.
5d
Convert b (base 16) to base 11.
10
Convert 5 (base 16) to base 12.
5
Convert -3 (base 13) to base 7.
-3
Convert 5 (base 15) to base 13.
5
1 (base 13) to base 3
1
Convert -a (base 16) to base 6.
-14
30 (base 4) to base 10
12
What is 1 (base 5) in base 7?
1
What is -7 (base 14) in base 8?
-7
-4 (base 8) to base 14
-4
48 (base 13) to base 16
3c
Convert -116 (base 9) to base 12.
-80
Convert 1 (base 14) to base 2.
1
4 (base 8) to base 15
4
What is 30 (base 8) in base 15?
19
Convert -4 (base 11) to base 10.
-4
3d (base 16) to base 4
331
-11 (base 16) to base 8
-21
What is 13 (base 7) in base 3?
101
-13 (base 10) to base 4
-31
-16 (base 15) to base 13
-18
3 (base 10) to base 9
3
What is -2 (base 7) in base 16?
-2
-17 (base 12) to base 6
-31
-10 (base 2) to base 8
-2
Convert -5 (base 8) to base 4.
-11
Convert 1 (base 6) to base 11.
1
What is 22 (base 6) in base 12?
12
-315 (base 6) to base 7
-230
What is 73 (base 9) in base 2?
1000010
What is -12 (base 8) in base 5?
-20
0 (base 12) to base 9
0
Convert 4 (base 5) to base 9.
4
What is 10 (base 11) in base 13?
b
Convert -9 (base 15) to base 11.
-9
1 (base 9) to base 14
1
What is -3 (base 10) in base 7?
-3
-221 (base 7) to base 9
-135
-24 (base 12) to base 9
-31
Convert -16 (base 10) to base 16.
-10
Convert -10 (base 10) to base 9.
-11
What is 11 (base 14) in base 11?
14
-16 (base 8) to base 6
-22
Convert -10 (base 4) to base 16.
-4
Convert -4 (base 14) to base 10.
-4
4 (base 10) to base 13
4
Convert 2 (base 13) to base 9.
2
-37 (base 11) to base 5
-130
Convert 20 (base 3) to base 16.
6
83 (base 11) to base 2
1011011
0 (base 5) to base 9
0
Convert -103 (base 8) to base 4.
-1003
Convert 223 (base 4) to base 15.
2d
What is 4 (base 16) in base 4?
10
What is 1100 (base 2) in base 11?
11
Convert -101 (base 2) to base 16.
-5
27 (base 10) to base 9
30
Convert 1 (base 16) to base 14.
1
Convert 311 (base 9) to base 7.
511
10010011 (base 2) to base 4
2103
Convert 2 (base 11) to base 2.
10
Convert -10 (base 7) to base 12.
-7
3 (base 9) to base 8
3
-190 (base 12) to base 8
-374
Convert 12 (base 7) to base 13.
9
What is 1 (base 11) in base 15?
1
23 (base 7) to base 15
12
What is 0 (base 5) in base 6?
0
What is 1 (base 12) in base 2?
1
Convert 3 (base 7) to base 2.
11
What is 2 (base 14) in base 16?
2
Convert 13 (base 12) to base 9.
16
Convert -d (base 15) to base 3.
-111
What is 69 (base 12) in base 13?
63
What is -1 (base 14) in base 12?
-1
9 (base 15) to base 13
9
What is 1 (base 3) in base 2?
1
What is -5 (base 13) in base 11?
-5
Convert 6a (base 14) to base 11.
86
What is 1b (base 14) in base 16?
19
Convert 60 (base 7) to base 11.
39
What is -230 (base 5) in base 15?
-45
-300 (base 5) to base 16
-4b
What is -102002 (base 3) in base 16?
-12b
Convert -5 (base 14) to base 16.
-5
What is -3 (base 15) in base 4?
-3
Convert -8 (base 16) to base 7.
-11
What is -1000110 (base 2) in base 16?
-46
What is 1 (base 3) in base 13?
1
Convert -303 (base 4) to base 5.
-201
Convert 2 (base 3) to base 13.
2
What is -10 (base 5) in base 13?
-5
-16 (base 10) to base 4
-100
What is -21 (base 11) in base 14?
-19
-100111 (base 3) to base 5
-2011
What is e (base 16) in base 10?
14
Convert -6 (base 8) to base 3.
-20
What is -1000 (base 2) in base 3?
-22
-2 (base 8) to base 11
-2
Convert 1011110 (base 2) to base 12.
7a
20 (base 10) to base 8
24
What is 110110 (base 2) in base 14?
3c
What is 1 (base 6) in base 16?
1
Convert -6 (base 8) to base 15.
-6
b (base 16) to base 14
b
What is -10 (base 2) in base 11?
-2
0 (base 8) to base 5
0
What is -2 (base 12) in base 11?
-2
Convert -3 (base 6) to base 13.
-3
0 (base 6) to base 13
0
What is 1 (base 8) in base 13?
1
-1 (base 13) to base 2
-1
133 (base 8) to base 12
77
0 (base 4) to base 13
0
What is 94 (base 10) in base 5?
334
1a (base 14) to base 11
22
Convert 100 (base 3) to base 8.
11
What is 3 (base 7) in base 2?
11
32 (base 10) to base 11
2a
Convert -8 (base 11) to base 5.
-13
Convert 3 (base 8) to base 12.
3
Convert -97 (base 10) to base 7.
-166
22 (base 14) to base 5
110
Convert -45 (base 9) to base 8.
-51
What is 25 (base 6) in base 7?
23
-3 (base 15) to base 14
-3
What is 3 (base 7) in base 16?
3
What is b (base 12) in base 16?
b
Convert 0 (base 12) to base 8.
0
Convert -8 (base 11) to base 16.
-8
Convert 3 (base 16) to base 12.
3
What is -164 (base 12) in base 5?
-1340
2001 (base 4) to base 3
11210
What is -1000 (base 2) in base 9?
-8
563 (base 7) to base 11
244
Convert 3 (base 12) to base 6.
3
Convert -2010 (base 3) to base 5.
-212
Convert 0 (base 13) to base 2.
0
-4 (base 15) to base 5
-4
What is -12 (base 13) in base 10?
-15
Convert -2 (base 12) to base 11.
-2
What is 0 (base 9) in base 6?
0
202 (base 3) to base 9
22
Convert -2 (base 16) to base 9.
-2
What is 222 (base 6) in base 4?
1112
What is 3 (base 13) in base 12?
3
Convert -1 (base 15) to base 2.
-1
Convert -27 (base 8) to base 9.
-25
Convert 25 (base 10) to base 6.
41
301 (base 5) to base 14
56
-2 (base 6) to base 3
-2
Convert 33 (base 7) to base 12.
20
-1 (base 9) to base 11
-1
What is -18a (base 13) in base 3?
-101111
Convert 31 (base 8) to base 7.
34
3 (base 9) to base 16
3
Convert -6c (base 16) to base 2.
-1101100
1 (base 9) to base 13
1
Convert -69 (base 13) to base 14.
-63
159 (base 11) to base 5
1220
Convert -163 (base 16) to base 10.
-355
What is 100110 (base 2) in base 7?
53
What is -50 (base 8) in base 6?
-104
What is -13 (base 5) in base 3?
-22
-12 (base 5) to base 12
-7
Convert 123 (base 4) to base 16.
1b
What is 47 (base 11) in base 15?
36
5 (base 14) to base 9
5
What is -38 (base 11) in base 6?
-105
What is -8 (base 10) in base 3?
-22
What is d (base 14) in base 4?
31
-100 (base 2) to base 16
-4
What is -3 (base 11) in base 9?
-3
What is 3 (base 10) in base 15?
3
Convert 179 (base 10) to base 2.
10110011
Convert -10 (base 5) to base 7.
-5
-3 (base 10) to base 8
-3
Convert -110101 (base 2) to base 11.
-49
What is -1 (base 16) in base 7?
-1
What is 1 (base 4) in base 13?
1
194 (base 13) to base 2
100100010
Convert -3 (base 9) to base 4.
-3
What is 0 (base 2) in base 10?
0
-100 (base 2) to base 8
-4
What is -22a (base 13) in base 7?
-1043
Convert -4a (base 11) to base 4.
-312
What is -13 (base 7) in base 8?
-12
24 (base 5) to base 2
1110
-2a (base 11) to base 8
-40
What is 30 (base 6) in base 2?
10010
What is 121 (base 4) in base 2?
11001
-47 (base 8) to base 12
-33
2e (base 15) to base 16
2c
32 (base 4) to base 14
10
What is -4d (base 14) in base 3?
-2120
What is -2 (base 13) in base 16?
-2
0 (base 2) to base 14
0
What is 4 (base 7) in base 4?
10
Convert -26 (base 16) to base 10.
-38
Convert -1 (base 13) to base 4.
-1
Convert -14 (base 9) to base 7.
-16
-60 (base 9) to base 11
-4a
Convert 0 (base 5) to base 9.
0
Convert 3 (base 16) to base 11.
3
-10000011 (base 2) to base 11
-10a
-8 (base 16) to base 9
-8
9 (base 16) to base 6
13
What is -22022 (base 3) in base 13?
-143
-4 (base 11) to base 15
-4
What is 20 (base 3) in base 14?
6
What is -1212 (base 3) in base 12?
-42
What is -6 (base 8) in base 13?
-6
Convert -4 (base 14) to base 15.
-4
-3 (base 7) to base 8
-3
Convert -1 (base 13) to base 7.
-1
Convert 10222 (base 3) to base 14.
79
What is 8b (base 16) in base 11?
117
-4 (base 7) to base 10
-4
Convert -1 (base 12) to base 6.
-1
What is 1 (base 3) in base 6?
1
Convert 4 (base 12) to base 6.
4
Convert 3 (base 12) to base 3.
10
What is -3 (base 14) in base 16?
-3
Convert 4 (base 13) to base 11.
4
171 (base 8) to base 3
11111
What is 132 (base 6) in base 10?
56
10111 (base 2) to base 7
32
-5 (base 8) t